e 14) in base 11?
-122485
-120002020 (base 5) to base 8
-2054477
What is 3406611 (base 8) in base 10?
920969
What is -1001001011011011000100 (base 2) in base 16?
-24b6c4
Convert 22110230 (base 4) to base 13.
16328
Convert 131031132 (base 4) to base 12.
592a6
15f3c3 (base 16) to base 11
8a2982
What is -255411253 (base 6) in base 12?
-1823b29
What is -203140415 (base 6) in base 5?
-1344343230
What is 378762 (base 9) in base 12?
b09b5
What is -10010010001101110100 (base 2) in base 3?
-1010102112111
What is -c0b15 (base 14) in base 5?
-104310132
233804 (base 10) to base 3
102212201102
What is 6a68b (base 14) in base 15?
51c25
What is -2cd86 (base 14) in base 16?
-1b72a
Convert -18715 (base 10) to base 11.
-13074
Convert 5c28 (base 14) to base 16.
3eec
Convert 144c052 (base 14) to base 9.
20508584
-11010011110101110001 (base 2) to base 16
-d3d71
What is -71a85 (base 12) in base 6?
-3103045
-1011111211 (base 4) to base 2
-1000101010101100101
What is 45142210 (base 7) in base 3?
21100121222201
Convert 356814 (base 9) to base 4.
310133023
-b6dd (base 16) to base 12
-23111
What is 36351640 (base 7) in base 4?
30112322332
1039633 (base 12) to base 6
145404103
What is 1713837 (base 9) in base 15?
13cae4
Convert -147058 (base 9) to base 8.
-260521
7fcfa (base 16) to base 2
1111111110011111010
What is 1110354013 (base 6) in base 16?
b82459
-1000022111101 (base 3) to base 6
-15305014
Convert 14427 (base 12) to base 13.
cb26
30112230 (base 4) to base 14
14628
Convert 12117 (base 8) to base 16.
144f
What is -12100220211 (base 3) in base 5?
-11340041
What is 1223403332 (base 5) in base 2?
1011010000010101000011
Convert -94803 (base 10) to base 8.
-271123
205565 (base 8) to base 5
4142334
What is -170c78 (base 13) in base 16?
-8bfa3
123e7d (base 16) to base 11
747340
What is -3860835 (base 11) in base 8?
-31416147
What is 222112002001 (base 3) in base 6?
15104431
Convert -16bc6d (base 14) to base 13.
-22074a
Convert 330301134 (base 5) to base 14.
28bd62
What is 7a81c2 (base 14) in base 9?
7756777
-263247 (base 8) to base 10
-91815
What is 212000202210 (base 3) in base 6?
13414250
6111222 (base 7) to base 11
45613a
Convert -20089 (base 13) to base 11.
-3a002
-152201 (base 9) to base 12
-46117
Convert -244234113 (base 6) to base 8.
-21700175
-2762aa (base 12) to base 4
-2133210202
-30101213 (base 4) to base 13
-19b68
Convert -3135950 (base 10) to base 3.
-12220022201022
What is -2e54ea (base 15) in base 3?
-11020002020111
Convert -24290c (base 14) to base 16.
-12de60
What is 1000011100001101100011 (base 2) in base 9?
4142233
What is -1a8bbb (base 16) in base 11?
-a89082
Convert 50206 (base 11) to base 13.
27583
-79166b (base 12) to base 4
-13113131303
What is 12101202101 (base 3) in base 13?
39496
Convert 4700c (base 16) to base 12.
120378
Convert -25b59 (base 14) to base 3.
-11201021120
What is -1e942 (base 15) in base 12?
-49a22
21095 (base 10) to base 9
31838
What is 148606 (base 10) in base 9?
245757
1cf9f (base 16) to base 5
12244222
-119950 (base 10) to base 6
-2323154
Convert 16a3444 (base 12) to base 6.
244322524
232605 (base 9) to base 12
68a42
Convert -2264016 (base 9) to base 7.
-13253256
What is -161138 (base 10) in base 4?
-213111302
200320021 (base 4) to base 16
20e09
-12112052 (base 6) to base 5
-44222114
Convert 29720 (base 12) to base 2.
1110001011001000
Convert -249b1b1 (base 12) to base 9.
-14442707
What is -a55748 (base 11) in base 14?
-3204cd
What is -8687 (base 13) in base 3?
-221122122
Convert -61456 (base 8) to base 14.
-9378
What is -2125c (base 16) in base 13?
-49a50
What is 444311444 (base 5) in base 6?
105425205
Convert 330413201 (base 5) to base 15.
1d0a36
Convert 1015043 (base 7) to base 13.
4358c
-1dc4c (base 14) to base 7
-436025
-19b445 (base 12) to base 8
-1570665
100101112 (base 5) to base 13
10a3a7
Convert -11001111010110111 (base 2) to base 16.
-19eb7
-12bc31 (base 14) to base 11
-402306
What is 54791 (base 10) in base 5?
3223131
-506322 (base 10) to base 9
-851480
-21c2b6 (base 15) to base 12
-658000
100010101100111110110100 (base 2) to base 10
9097140
1878c (base 15) to base 5
10014312
-355061a (base 11) to base 13
-138b331
1200132012 (base 4) to base 2
1100000011110000110
-475778 (base 10) to base 13
-138734
What is -43301 (base 8) in base 15?
-5578
Convert -2121224231 (base 5) to base 7.
-53023641
322300102 (base 4) to base 11
1548a0
212212112000 (base 3) to base 6
14023130
What is -732718 (base 10) in base 11?
-460558
2860424 (base 10) to base 8
12722610
Convert -24b360 (base 14) to base 13.
-351780
-5233653 (base 9) to base 14
-52b803
fac6e (base 16) to base 7
11505462
What is -4c9c9 (base 14) in base 4?
-232001311
Convert 3271073 (base 13) to base 5.
12422101411
Convert -202235 (base 10) to base 16.
-315fb
What is -4048170 (base 9) in base 8?
-10166640
1250806 (base 9) to base 7
5543151
What is 41012040 (base 6) in base 15?
1811bc
-57b74 (base 13) to base 14
-42506
What is 3414341 (base 5) in base 13?
21773
What is -111111110100111 (base 2) in base 3?
-1122211100
Convert -378af (base 16) to base 6.
-4513131
What is 37a7 (base 11) in base 5?
124312
What is 1383788 (base 11) in base 5?
1102024103
What is -1263c6 (base 14) in base 13?
-1917c4
What is -1200002111010 (base 3) in base 8?
-3305373
What is 71d803 (base 14) in base 4?
32221212223
What is -207066 (base 9) in base 3?
-20021002020
Convert -1050512 (base 8) to base 14.
-75190
Convert -1266361 (base 7) to base 11.
-105182
100111011001011101000 (base 2) to base 3
2102120220020
-105785 (base 11) to base 7
-1301452
Convert 29015b4 (base 13) to base 15.
121b5ce
Convert 357766 (base 9) to base 13.
7722c
-120112110222 (base 3) to base 6
-10315425
43031 (base 14) to base 15
32eae
What is -2122000013 (base 4) in base 12?
-26505b
Convert 503004434 (base 6) to base 15.
b3a16d
Convert 236253455 (base 7) to base 12.
4b35755
Convert -16bca (base 16) to base 11.
-63a74
1134053 (base 8) to base 15
61996
3340311 (base 5) to base 9
88627
1331296 (base 10) to base 3
2111122012021
-2111000022 (base 3) to base 11
-33780
Convert 1000011110111100110001 (base 2) to base 15.
2dde16
Convert -21e708 (base 15) to base 3.
-10001012202122
What is -1659bbb (base 12) in base 3?
-22122200220222
-1e2f4 (base 16) to base 15
-26976
-11bb4 (base 14) to base 2
-1010100111010010
c4bfc (base 16) to base 11
500522
What is -1804067 (base 10) in base 8?
-6703443
What is 518b0a (base 13) in base 10?
1904471
-302174 (base 9) to base 16
-2ba41
Convert 13312323 (base 5) to base 2.
100001000010101010
What is -554227 (base 8) in base 11?
-118153
5dba (base 16) to base 2
101110110111010
What is -100112031 (base 5) in base 4?
-1200112101
Convert 20100220200 (base 3) to base 16.
1e98d
Convert -3120146 (base 7) to base 3.
-201000220112
-30733 (base 15) to base 16
-2579a
What is -6cd93 (base 15) in base 14?
-90801
99617 (base 13) to base 16
43d60
What is 184236 (base 11) in base 10?
283784
Convert 169385 (base 12) to base 2.
1011111000011010101
-534c47 (base 16) to base 3
-101021100100202
-113b644 (base 12) to base 5
-1322120243
Convert 21231310223 (base 4) to base 10.
2546987
Convert 7a1049 (base 11) to base 14.
2529c3
What is -4b77cb (base 14) in base 5?
-1131012011
What is -30102303123 (base 4) in base 3?
-20001201210000
101010011000101000110100 (base 2) to base 14
1693284
What is 1338301 (base 9) in base 6?
23423431
What is 12240331 (base 5) in base 11?
808aa
What is -52032767 (base 8) in base 9?
-22661806
102010000012121 (base 3) to base 10
5905051
What is -1172232 (base 8) in base 2?
-1001111010010011010
What is 112020022122120 (base 3) in base 13?
174b1a8
What is -cda3 (base 15) in base 13?
-16ab2
-22320304 (base 6) to base 10
-679216
3411711 (base 8) to base 14
1a02db
Convert -20a39 (base 15) to base 9.
-167040
1bd5b (base 14) to base 6
1305433
What is 357525 (base 8) in base 5?
12411314
Convert -100010100011001011001 (base 2) to base 4.
-10110121121
What is 24387 (base 15) in base 16?
1c360
Convert 2131110323 (base 4) to base 13.
197411
What is -22112221211 (base 3) in base 11?
-105551
What is -4321104 (base 6) in base 8?
-637500
Convert -1610115 (base 8) to base 11.
-296891
What is -268db0 (base 16) in base 6?
-130053224
-20301000212 (base 4) to base 2
-1000110001000000100110
What is -111415 (base 12) in